NOAA-Style Climate Reports
Select a Year or Month report
2024: Jan Feb Mar Apr May Jun Jul Aug Sep Oct Nov Dec
2023: Jan Feb Mar Apr May Jun Jul Aug Sep Oct Nov Dec
2022: Jan Feb Mar Apr May Jun Jul Aug Sep Oct Nov Dec
2021: Jan Feb Mar Apr May Jun Jul Aug Sep Oct Nov Dec
2020: Jan Feb Mar Apr May Jun Jul Aug Sep Oct Nov Dec
2019: Jan Feb Mar Apr May Jun Jul Aug Sep Oct Nov Dec
2018: Jan Feb Mar Apr May Jun Jul Aug Sep Oct Nov Dec
2017: Jan Feb Mar Apr May Jun Jul Aug Sep Oct Nov Dec
2024: Jan Feb Mar Apr May Jun Jul Aug Sep Oct Nov Dec
2023: Jan Feb Mar Apr May Jun Jul Aug Sep Oct Nov Dec
2022: Jan Feb Mar Apr May Jun Jul Aug Sep Oct Nov Dec
2021: Jan Feb Mar Apr May Jun Jul Aug Sep Oct Nov Dec
2020: Jan Feb Mar Apr May Jun Jul Aug Sep Oct Nov Dec
2019: Jan Feb Mar Apr May Jun Jul Aug Sep Oct Nov Dec
2018: Jan Feb Mar Apr May Jun Jul Aug Sep Oct Nov Dec
2017: Jan Feb Mar Apr May Jun Jul Aug Sep Oct Nov Dec
Report for 2024 April
Monthly Climatological Summary for Apr 2024 Name: Gerlach Weather City: Gerlach State: NV Elevation: 1205 m Lat: N 40° 39' 06" Lon: W 119° 21' 29" Temperature (°F), Rain (in), Wind Speed (mph) Heat Cool Avg Mean Deg Deg Wind Dom Day Temp High Time Low Time Days Days Rain Speed High Time Dir ---------------------------------------------------------------------------------- 1 45.5 61.7 17:27 31.3 07:04 19.5 0.0 0.00 3.8 15.0 01:14 SSW 2 53.3 70.7 16:59 35.0 06:33 12.6 0.9 0.00 3.9 12.0 13:32 WSW 3 52.7 68.8 15:11 49.1 03:50 12.4 0.1 0.00 8.6 33.0 19:06 WSW 4 43.4 50.8 00:59 31.7 22:56 21.6 0.0 0.00 8.2 32.0 00:49 WSW 5 32.2 37.3 16:02 28.0 06:30 32.8 0.0 0.00 5.9 23.0 00:39 WSW 6 36.9 47.4 17:40 26.9 04:52 28.1 0.0 0.00 5.0 19.0 15:05 W 7 39.6 51.0 16:19 29.4 05:36 25.4 0.0 0.00 4.7 18.0 13:57 NNE 8 43.0 56.9 15:29 27.8 06:46 22.0 0.0 0.00 3.3 13.0 15:32 NNE 9 49.9 68.4 17:23 29.9 06:48 15.2 0.2 0.00 4.1 17.0 12:44 W 10 55.5 72.4 15:13 36.9 06:50 11.0 1.5 0.00 3.6 14.0 09:17 NNE 11 59.3 77.8 16:08 38.5 06:38 8.9 3.1 0.00 5.7 25.0 18:39 WSW 12 59.9 76.8 14:25 41.7 05:25 7.7 2.5 0.00 8.0 34.0 14:28 WSW 13 58.1 74.2 15:11 41.9 23:58 8.8 1.8 0.00 10.9 33.0 18:15 SE 14 39.6 42.3 13:30 33.6 10:45 25.4 0.0 0.00 9.1 28.0 07:40 WSW 15 48.9 61.8 16:25 39.1 05:38 16.1 0.0 0.00 5.0 17.0 12:04 W 16 53.5 69.5 16:40 36.5 05:36 11.9 0.5 0.00 6.7 24.0 19:08 W 17 50.9 61.1 16:20 41.3 07:02 14.1 0.0 0.00 9.9 25.0 20:46 NE 18 50.1 63.2 15:55 37.3 06:53 14.9 0.0 0.00 9.4 24.0 00:54 NE 19 57.1 73.7 17:11 41.6 06:39 9.5 1.6 0.00 6.9 20.0 02:56 NNE 20 61.7 77.1 15:37 43.3 06:25 6.7 3.4 0.00 5.5 22.0 14:55 WSW 21 63.7 78.8 17:24 46.5 06:37 5.5 4.2 0.00 5.7 21.0 20:43 WSW 22 60.0 74.8 15:40 44.4 06:31 7.2 2.2 0.00 8.7 21.0 09:04 NE 23 63.6 77.9 13:46 52.8 06:58 4.0 2.6 0.00 8.2 28.0 15:17 N ---------------------------------------------------------------------------------- 51.2 78.8 21 26.9 6 341.3 24.6 0.00 6.6 34.0 12 W Max >= 80.0: 0 Max <= 32.0: 0 Min <= 32.0: 7 Min <= 0.0: 0 Max Rain: 0.00 on day 0 Days of Rain: 0 (>= 0.01 in) 0 (>= 0.10 in) 0 (>= 1.00 in) Heat Base: 65.0 Cool Base: 65.0 Method: Integration